39?
False
Does 330 divide 140631?
False
Does 43 divide 70907?
True
Is 1676222 a multiple of 180?
False
Is 586 a factor of 16212643?
False
Is 70798 a multiple of 14?
True
Is 272599 a multiple of 10?
False
Is 686010 a multiple of 6?
True
Is 15 a factor of 111873?
False
Does 326 divide 72372?
True
Is 4 a factor of 405300?
True
Is 44 a factor of 11683276?
True
Is 107055 a multiple of 45?
True
Is 20 a factor of 3392940?
True
Is 7 a factor of 556962?
True
Does 92 divide 3305928?
True
Is 605054 a multiple of 503?
False
Does 295 divide 7415415?
True
Is 153690 a multiple of 2?
True
Is 8 a factor of 4338828?
False
Is 20392750 a multiple of 215?
True
Is 88 a factor of 466196?
False
Is 590 a factor of 6262268?
False
Is 84357 a multiple of 21?
True
Does 274 divide 440080?
False
Does 207 divide 170568?
True
Does 50 divide 2039200?
True
Does 30 divide 68310?
True
Is 3427055 a multiple of 17?
False
Is 24 a factor of 1601319?
False
Is 79914 a multiple of 19?
True
Is 205 a factor of 22345?
True
Is 5555352 a multiple of 10?
False
Is 6 a factor of 222873?
False
Is 195 a factor of 14204975?
False
Does 12 divide 2932200?
True
Is 364 a factor of 20202723?
False
Does 7 divide 111698?
False
Is 6 a factor of 305395?
False
Is 7 a factor of 18564?
True
Does 33 divide 151437?
True
Is 14556366 a multiple of 575?
False
Is 58 a factor of 92220?
True
Does 42 divide 289716?
True
Is 14797695 a multiple of 165?
True
Is 33 a factor of 1102464?
True
Does 6 divide 3777324?
True
Does 5 divide 451585?
True
Is 2552677 a multiple of 11?
False
Is 2589748 a multiple of 146?
True
Does 103 divide 422918?
True
Is 26 a factor of 22678814?
False
Does 6 divide 15870?
True
Is 322813 a multiple of 17?
True
Is 513576 a multiple of 129?
False
Does 209 divide 5089418?
False
Is 48 a factor of 4394976?
True
Does 85 divide 907754?
False
Is 388 a factor of 9469140?
True
Is 1507962 a multiple of 194?
True
Does 25 divide 14000?
True
Is 671617 a multiple of 6?
False
Does 6 divide 4664450?
False
Is 15 a factor of 309412?
False
Is 475 a factor of 1539000?
True
Is 4 a factor of 69736?
True
Is 699 a factor of 15190668?
True
Is 268730 a multiple of 349?
True
Is 6 a factor of 90180?
True
Is 2414556 a multiple of 184?
False
Is 7 a factor of 1558390?
False
Is 35 a factor of 649249?
False
Does 3 divide 114943?
False
Is 53 a factor of 206186?
False
Does 1324 divide 4735948?
True
Is 1157374 a multiple of 43?
False
Is 96457 a multiple of 56?
False
Is 60 a factor of 8250780?
True
Is 109051 a multiple of 18?
False
Is 9 a factor of 17568?
True
Is 18 a factor of 456228?
True
Does 238 divide 9599730?
True
Is 4258345 a multiple of 637?
True
Is 2792438 a multiple of 1049?
True
Does 25 divide 312500?
True
Is 1160320 a multiple of 740?
True
Is 348 a factor of 11139828?
True
Is 47184 a multiple of 8?
True
Does 2 divide 40864?
True
Does 3 divide 41937?
True
Does 77 divide 16963?
False
Is 916265 a multiple of 540?
False
Is 534242 a multiple of 19?
True
Does 41 divide 709296?
False
Is 41 a factor of 204109?
False
Does 74 divide 1389202?
True
Is 2060809 a multiple of 269?
True
Is 44103 a multiple of 3?
True
Is 33 a factor of 18480?
True
Does 456 divide 8884601?
False
Is 198678 a multiple of 4?
False
Is 186 a factor of 283836?
True
Is 1075564 a multiple of 85?
False
Is 4 a factor of 38952?
True
Is 645 a factor of 3520410?
True
Is 3717444 a multiple of 20?
False
Is 3342225 a multiple of 521?
False
Does 14 divide 2205630?
True
Is 3 a factor of 965389?
False
Does 43 divide 767724?
False
Is 918 a factor of 354421?
False
Is 26 a factor of 34814?
True
Does 15 divide 71622?
False
Is 68 a factor of 343536?
True
Is 167 a factor of 880758?
True
Is 94 a factor of 855776?
True
Is 197230 a multiple of 11?
True
Is 181 a factor of 1268905?
False
Is 17387 even?
False
Is 2 a factor of 93488?
True
Does 11 divide 93609?
False
Does 61 divide 358009?
True
Is 208 a factor of 12413232?
True
Does 313 divide 7775600?
False
Is 323 a factor of 506310?
False
Is 22 a factor of 2159982?
True
Does 10 divide 765590?
True
Is 1836593 a multiple of 1133?
True
Does 39 divide 194855?
False
Is 7406 a multiple of 5?
False
Is 2357088 a multiple of 258?
True
Is 292460 a multiple of 4?
True
Does 67 divide 19530?
False
Is 16108 a multiple of 19?
False
Is 1228266 a multiple of 18?
True
Is 2661930 a multiple of 563?
False
Is 687040 a multiple of 38?
True
Does 31 divide 452475?
False
Is 538 a factor of 1237938?
True
Is 1168 a factor of 21595175?
False
Does 25 divide 8369538?
False
Is 6 a factor of 980832?
True
Is 12 a factor of 174132?
True
Is 162995 a multiple of 32?
False
Is 5 a factor of 509410?
True
Does 517 divide 845295?
True
Does 39 divide 2544620?
False
Is 94 a factor of 980420?
True
Does 147 divide 1735188?
True
Is 537 a factor of 1589142?
False
Does 17 divide 10146?
False
Is 52629 a multiple of 53?
True
Is 109585 a multiple of 92?
False
Does 47 divide 45286?
False
Is 210032 a multiple of 503?
False
Is 13970 a multiple of 94?
False
Is 119 a factor of 5633936?
True
Is 1831091 a multiple of 107?
True
Does 10 divide 4176100?
True
Is 13006538 a multiple of 1508?
False
Is 620 a factor of 5332620?
True
Does 28 divide 3987928?
True
Is 1224947 a multiple of 31?
False
Is 1418430 a multiple of 10?
True
Does 327 divide 195129?
False
Does 38 divide 48353?
False
Is 233535 a multiple of 11?
False
Does 40 divide 10120?
True
Does 6 divide 34302?
True
Is 841008 a multiple of 14?
True
Is 321 a factor of 347147?
False
Is 17 a factor of 2839884?
True
Is 141158 a multiple of 163?
True
Is 439548 a multiple of 3?
True
Does 808 divide 1865672?
True
Is 48 a factor of 38550?
False
Is 138 a factor of 325404?
True
Is 416279 a multiple of 752?
False
Does 7 divide 691488?
True
Is 181 a factor of 852275?
False
Is 60 a factor of 331920?
True
Does 111 divide 1396548?
False
Is 654187 a multiple of 12?
False
Does 24 divide 9617386?
False
Is 18 a factor of 642348?
True
Is 7 a factor of 29925?
True
Does 2 divide 26126?
True
Does 59 divide 2820686?
False
Does 18 divide 1905804?
True
Is 111078 a multiple of 17?
True
Is 12341 a multiple of 45?
False
Does 458 divide 1012180?
True
Does 18 divide 14601?
False
Is 16 a factor of 280240?
True
Is 118 a factor of 35238?
False
Is 16 a factor of 68453?
False
Is 222172 a multiple of 460?
False
Is 6563395 a multiple of 8?
False
Is 174 a factor of 71837?
False
Does 5 divide 141680?
True
Does 20 divide 52920?
True
Does 42 divide 75810?
True
Is 69 a factor of 2945535?
False
Is 37483056 a multiple of 11?
False
Is 173 a factor of 35811?
True
Is 1641 a factor of 22652629?
False
Is 1042574 a multiple of 13?
True
Is 331 a factor of 138390?
False
Is 39688 a multiple of 92?
False
Does 14 divide 230095?
False
Does 422 divide 621184?
True
Does 2 divide 13358?
True
Does 55 divide 31057?
False
Is 1062535 a multiple of 145?
False
Is 800800 a multiple of 70?
True
Is 3635280 a multiple of 1188?
True
Is 25696 a multiple of 70?
False
Is 40514 a multiple of 23?
False
Does 150 divide 125667?
False
Is 17 a factor of 393448?
True
Is 137107 a multiple of 119?
False
Is 430660 a multiple of 61?
True
Does 693 divide 39501?
True
Is 3723382 a multiple of 13?
True
Is 5282084 a multiple of 538?
True
Is 4 a factor of 140938?
False
Does 63 divide 67552?
False
Does 6 divide 121934?
False
Is 98505 a multiple of 136?
False
Does 23 divide 2299655?
True
Does 39 divide 8402591?
False
Is 6 a factor of 777300?
True
Does 13 divide 245383?
False
Is 2712398 a multiple of 486?
False
Is 402237 a multiple of 17?
True
Does 83 divide 425043?
True
Does 64 divide 2502055?
False
Is 16 a factor of 17280?
True
Is 101 a factor of 115342?
True
Is 42670 a multiple of 34?
True
Does 27 divide 3082077?
True
Is 4998 a multiple of 7?
True
Is 160992 a multiple of 43?
True
Does 34 divide 4086460?
True
Does 82 divide 152684?
True
Does 345 divide 146781?
False
Is 2664287 a multiple of 2?
False
Is 30 a factor of 129450?
True
Does 6 divide 177402?
True
Is 34 a factor of 1628283?
False
Does 234 divide 2030233?
False
Does 219 divide 1569051?
False
Is 11571806 a multiple of 7?
False
Is 175806 a multiple of 3?
True
Does 315 divide 1535177?
False
Does 91 divide 77259?
True
Is 1536948 a multiple of 252?
True
Is 12 a factor of 620736?
True
Does 204 divide 226171?
False
Is 217080 a multiple of 120?
True
Is 348 a factor of 2721360?
True
Do